{"id":2367,"date":"2017-11-21T09:29:43","date_gmt":"2017-11-21T09:29:43","guid":{"rendered":"http:\/\/www.delanceyoilfieldsupplies.com\/por\/?page_id=2367"},"modified":"2024-03-14T14:04:53","modified_gmt":"2024-03-14T14:04:53","slug":"enquiries","status":"publish","type":"page","link":"https:\/\/www.delanceyoilfieldsupplies.com\/por\/enquiries\/","title":{"rendered":"Enquiries"},"content":{"rendered":"<div class=\"fusion-fullwidth fullwidth-box fusion-builder-row-1 nonhundred-percent-fullwidth non-hundred-percent-height-scrolling\" style=\"--awb-border-radius-top-left:0px;--awb-border-radius-top-right:0px;--awb-border-radius-bottom-right:0px;--awb-border-radius-bottom-left:0px;--awb-flex-wrap:wrap;\" ><div class=\"fusion-builder-row fusion-row\"><div class=\"fusion-layout-column fusion_builder_column fusion-builder-column-0 fusion_builder_column_1_1 1_1 fusion-one-full fusion-column-first fusion-column-last\" style=\"--awb-bg-size:cover;\"><div class=\"fusion-column-wrapper fusion-flex-column-wrapper-legacy\"><div class=\"fusion-text fusion-text-1\"><h3>Consultas<\/h3>\n<\/div><div class=\"fusion-clearfix\"><\/div><\/div><\/div><div class=\"fusion-layout-column fusion_builder_column fusion-builder-column-1 fusion_builder_column_1_2 1_2 fusion-one-half fusion-column-first\" style=\"--awb-bg-size:cover;--awb-margin-bottom:25px;width:50%;width:calc(50% - ( ( 4% ) * 0.5 ) );margin-right: 4%;\"><div class=\"fusion-column-wrapper fusion-flex-column-wrapper-legacy\">\n<div class=\"wpcf7 no-js\" id=\"wpcf7-f2670-o1\" lang=\"en-US\" dir=\"ltr\">\n<div class=\"screen-reader-response\"><p role=\"status\" aria-live=\"polite\" aria-atomic=\"true\"><\/p> <ul><\/ul><\/div>\n<form action=\"\/por\/wp-json\/wp\/v2\/pages\/2367#wpcf7-f2670-o1\" method=\"post\" class=\"wpcf7-form init\" aria-label=\"Contact form\" novalidate=\"novalidate\" data-status=\"init\">\n<div style=\"display: none;\">\n<input type=\"hidden\" name=\"_wpcf7\" value=\"2670\" \/>\n<input type=\"hidden\" name=\"_wpcf7_version\" value=\"5.9.4\" \/>\n<input type=\"hidden\" name=\"_wpcf7_locale\" value=\"en_US\" \/>\n<input type=\"hidden\" name=\"_wpcf7_unit_tag\" value=\"wpcf7-f2670-o1\" \/>\n<input type=\"hidden\" name=\"_wpcf7_container_post\" value=\"0\" \/>\n<input type=\"hidden\" name=\"_wpcf7_posted_data_hash\" value=\"\" \/>\n<\/div>\n<div class=\"color\">\n\t<p>Nome* <span class=\"wpcf7-form-control-wrap\" data-name=\"your-name\"><input size=\"40\" class=\"wpcf7-form-control wpcf7-text wpcf7-validates-as-required\" aria-required=\"true\" aria-invalid=\"false\" value=\"\" type=\"text\" name=\"your-name\" \/><\/span><br \/>\nEmail* <span class=\"wpcf7-form-control-wrap\" data-name=\"your-email\"><input size=\"40\" class=\"wpcf7-form-control wpcf7-email wpcf7-validates-as-required wpcf7-text wpcf7-validates-as-email\" aria-required=\"true\" aria-invalid=\"false\" value=\"\" type=\"email\" name=\"your-email\" \/><\/span><br \/>\nTelefone* <span class=\"wpcf7-form-control-wrap\" data-name=\"your-number\"><input size=\"40\" class=\"wpcf7-form-control wpcf7-tel wpcf7-validates-as-required wpcf7-text wpcf7-validates-as-tel\" aria-required=\"true\" aria-invalid=\"false\" value=\"\" type=\"tel\" name=\"your-number\" \/><\/span><br \/>\nCargo* <span class=\"wpcf7-form-control-wrap\" data-name=\"job-title\"><input size=\"40\" class=\"wpcf7-form-control wpcf7-text wpcf7-validates-as-required\" aria-required=\"true\" aria-invalid=\"false\" value=\"\" type=\"text\" name=\"job-title\" \/><\/span><br \/>\nEmpresa* <span class=\"wpcf7-form-control-wrap\" data-name=\"company\"><input size=\"40\" class=\"wpcf7-form-control wpcf7-text wpcf7-validates-as-required\" aria-required=\"true\" aria-invalid=\"false\" value=\"\" type=\"text\" name=\"company\" \/><\/span><br \/>\nTelefone Comercial* <span class=\"wpcf7-form-control-wrap\" data-name=\"business-phone\"><input size=\"40\" class=\"wpcf7-form-control wpcf7-text wpcf7-validates-as-required\" aria-required=\"true\" aria-invalid=\"false\" value=\"\" type=\"text\" name=\"business-phone\" \/><\/span><br \/>\nPa\u00eds* <span class=\"wpcf7-form-control-wrap\" data-name=\"country\"><input size=\"40\" class=\"wpcf7-form-control wpcf7-text wpcf7-validates-as-required\" aria-required=\"true\" aria-invalid=\"false\" value=\"\" type=\"text\" name=\"country\" \/><\/span><br \/>\nC\u00f3digo Postal* <span class=\"wpcf7-form-control-wrap\" data-name=\"post-code\"><input size=\"40\" class=\"wpcf7-form-control wpcf7-text wpcf7-validates-as-required\" aria-required=\"true\" aria-invalid=\"false\" value=\"\" type=\"text\" name=\"post-code\" \/><\/span>\n\t<\/p>\n\t<p>Insira sua consulta <span class=\"wpcf7-form-control-wrap\" data-name=\"your-message\"><textarea cols=\"40\" rows=\"10\" class=\"wpcf7-form-control wpcf7-textarea\" aria-invalid=\"false\" name=\"your-message\"><\/textarea><\/span>\n\t<\/p>\n\t<p><span class=\"wpcf7-form-control-wrap\" data-name=\"checkbox-87\"><span class=\"wpcf7-form-control wpcf7-checkbox\"><span class=\"wpcf7-list-item first last\"><label><input type=\"checkbox\" name=\"checkbox-87[]\" value=\"Marque este campo caso n\u00e3o deseje permitir o armazenamento de seus dados\" \/><span class=\"wpcf7-list-item-label\">Marque este campo caso n\u00e3o deseje permitir o armazenamento de seus dados<\/span><\/label><\/span><\/span><\/span>\n\t<\/p>\n<\/div>\n<div class=\"captcha\">\n\t<p><span class=\"wpcf7-form-control-wrap\" data-name=\"quiz-492\"><label><span class=\"wpcf7-quiz-label\">CAPTCHA 10+10=?<\/span> <input size=\"40\" class=\"wpcf7-form-control wpcf7-quiz\" autocomplete=\"off\" aria-required=\"true\" aria-invalid=\"false\" type=\"text\" name=\"quiz-492\" \/><\/label><input type=\"hidden\" name=\"_wpcf7_quiz_answer_quiz-492\" value=\"d3aff537695e302f74d12c61e1cf87ba\" \/><\/span>\n\t<\/p>\n<\/div>\n<div class=\"color\">\n\t<p><input class=\"wpcf7-form-control wpcf7-submit has-spinner\" type=\"submit\" value=\"Enviar mensagem\" \/>\n\t<\/p>\n<\/div><div class=\"fusion-alert alert custom alert-custom fusion-alert-center wpcf7-response-output fusion-alert-capitalize awb-alert-native-link-color alert-dismissable awb-alert-close-boxed\" style=\"--awb-border-top-left-radius:0px;--awb-border-top-right-radius:0px;--awb-border-bottom-left-radius:0px;--awb-border-bottom-right-radius:0px;\" role=\"alert\"><div class=\"fusion-alert-content-wrapper\"><span class=\"fusion-alert-content\"><\/span><\/div><button type=\"button\" class=\"close toggle-alert\" data-dismiss=\"alert\" aria-label=\"Close\">&times;<\/button><\/div>\n<\/form>\n<\/div>\n<div class=\"fusion-clearfix\"><\/div><\/div><\/div><div class=\"fusion-layout-column fusion_builder_column fusion-builder-column-2 fusion_builder_column_1_2 1_2 fusion-one-half fusion-column-last\" style=\"--awb-bg-size:cover;--awb-margin-bottom:25px;width:50%;width:calc(50% - ( ( 4% ) * 0.5 ) );\"><div class=\"fusion-column-wrapper fusion-flex-column-wrapper-legacy\"><div class=\"fusion-image-element in-legacy-container\" style=\"--awb-caption-title-font-family:var(--h2_typography-font-family);--awb-caption-title-font-weight:var(--h2_typography-font-weight);--awb-caption-title-font-style:var(--h2_typography-font-style);--awb-caption-title-size:var(--h2_typography-font-size);--awb-caption-title-transform:var(--h2_typography-text-transform);--awb-caption-title-line-height:var(--h2_typography-line-height);--awb-caption-title-letter-spacing:var(--h2_typography-letter-spacing);\"><span class=\" fusion-imageframe imageframe-none imageframe-1 hover-type-none\"><img decoding=\"async\" width=\"800\" height=\"716\" alt=\"Delancey Oilfield Supplies\" src=\"http:\/\/www.delanceyoilfieldsupplies.com\/por\/wp-content\/uploads\/2017\/11\/img_enquiries.jpg\" class=\"img-responsive wp-image-2461\" srcset=\"https:\/\/www.delanceyoilfieldsupplies.com\/por\/wp-content\/uploads\/2017\/11\/img_enquiries-200x179.jpg 200w, https:\/\/www.delanceyoilfieldsupplies.com\/por\/wp-content\/uploads\/2017\/11\/img_enquiries-400x358.jpg 400w, https:\/\/www.delanceyoilfieldsupplies.com\/por\/wp-content\/uploads\/2017\/11\/img_enquiries-600x537.jpg 600w, https:\/\/www.delanceyoilfieldsupplies.com\/por\/wp-content\/uploads\/2017\/11\/img_enquiries.jpg 800w\" sizes=\"(max-width: 800px) 100vw, 800px\" \/><\/span><\/div><div class=\"fusion-clearfix\"><\/div><\/div><\/div><div class=\"fusion-layout-column fusion_builder_column fusion-builder-column-3 fusion_builder_column_1_1 1_1 fusion-one-full fusion-column-first fusion-column-last\" style=\"--awb-bg-size:cover;\"><div class=\"fusion-column-wrapper fusion-flex-column-wrapper-legacy\"><div class=\"fusion-text fusion-text-2\"><p>Como especialistas em aprovisionamento t\u00e9cnico, podemos localizar fabricantes originais (OEM \u2013 Original Equipment Manufacturer) e alternativos (Non-OEM) dos produtos de mais alta qualidade das mais renomadas origens em todo o mundo, garantindo que nossos clientes sempre possam contar com os melhores produtos e pre\u00e7os. Para mais informa\u00e7\u00f5es, entre em contato conosco atrav\u00e9s do e-mail: <a href=\"mailto:info@delanceyoilfield.com\">info@delanceyoilfield.com<\/a><\/p>\n<\/div><div class=\"fusion-clearfix\"><\/div><\/div><\/div><\/div><\/div>\n","protected":false},"excerpt":{"rendered":"","protected":false},"author":3,"featured_media":0,"parent":0,"menu_order":0,"comment_status":"closed","ping_status":"closed","template":"","meta":{"footnotes":"","_links_to":"","_links_to_target":""},"yoast_head":"<!-- This site is optimized with the Yoast SEO plugin v22.6 - https:\/\/yoast.com\/wordpress\/plugins\/seo\/ -->\n<title>Enquiries - Delancey Oilfield Supplies. Supplying only original and genuine brand quality products, premium service.<\/title>\n<meta name=\"robots\" content=\"index, follow, max-snippet:-1, max-image-preview:large, max-video-preview:-1\" \/>\n<link rel=\"canonical\" href=\"https:\/\/www.delanceyoilfieldsupplies.com\/por\/enquiries\/\" \/>\n<meta property=\"og:locale\" content=\"en_US\" \/>\n<meta property=\"og:type\" content=\"article\" \/>\n<meta property=\"og:title\" content=\"Enquiries - Delancey Oilfield Supplies. Supplying only original and genuine brand quality products, premium service.\" \/>\n<meta property=\"og:url\" content=\"https:\/\/www.delanceyoilfieldsupplies.com\/por\/enquiries\/\" \/>\n<meta property=\"og:site_name\" content=\"Delancey Oilfield Supplies. Supplying only original and genuine brand quality products, premium service.\" \/>\n<meta property=\"article:modified_time\" content=\"2024-03-14T14:04:53+00:00\" \/>\n<meta name=\"twitter:label1\" content=\"Est. reading time\" \/>\n\t<meta name=\"twitter:data1\" content=\"1 minute\" \/>\n<script type=\"application\/ld+json\" class=\"yoast-schema-graph\">{\"@context\":\"https:\/\/schema.org\",\"@graph\":[{\"@type\":\"WebPage\",\"@id\":\"https:\/\/www.delanceyoilfieldsupplies.com\/por\/enquiries\/\",\"url\":\"https:\/\/www.delanceyoilfieldsupplies.com\/por\/enquiries\/\",\"name\":\"Enquiries - Delancey Oilfield Supplies. Supplying only original and genuine brand quality products, premium service.\",\"isPartOf\":{\"@id\":\"https:\/\/www.delanceyoilfieldsupplies.com\/por\/#website\"},\"datePublished\":\"2017-11-21T09:29:43+00:00\",\"dateModified\":\"2024-03-14T14:04:53+00:00\",\"breadcrumb\":{\"@id\":\"https:\/\/www.delanceyoilfieldsupplies.com\/por\/enquiries\/#breadcrumb\"},\"inLanguage\":\"en-US\",\"potentialAction\":[{\"@type\":\"ReadAction\",\"target\":[\"https:\/\/www.delanceyoilfieldsupplies.com\/por\/enquiries\/\"]}]},{\"@type\":\"BreadcrumbList\",\"@id\":\"https:\/\/www.delanceyoilfieldsupplies.com\/por\/enquiries\/#breadcrumb\",\"itemListElement\":[{\"@type\":\"ListItem\",\"position\":1,\"name\":\"Home\",\"item\":\"https:\/\/www.delanceyoilfieldsupplies.com\/por\/\"},{\"@type\":\"ListItem\",\"position\":2,\"name\":\"Enquiries\"}]},{\"@type\":\"WebSite\",\"@id\":\"https:\/\/www.delanceyoilfieldsupplies.com\/por\/#website\",\"url\":\"https:\/\/www.delanceyoilfieldsupplies.com\/por\/\",\"name\":\"Delancey Oilfield Supplies. Supplying only original and genuine brand quality products, premium service.\",\"description\":\"Global provider of drilling tools, electrical equipment, valves, pumps and workwear\/PPE supplies to Oil, Gas, Petrochemical and Mining industries\",\"potentialAction\":[{\"@type\":\"SearchAction\",\"target\":{\"@type\":\"EntryPoint\",\"urlTemplate\":\"https:\/\/www.delanceyoilfieldsupplies.com\/por\/?s={search_term_string}\"},\"query-input\":\"required name=search_term_string\"}],\"inLanguage\":\"en-US\"}]}<\/script>\n<!-- \/ Yoast SEO plugin. -->","yoast_head_json":{"title":"Enquiries - Delancey Oilfield Supplies. Supplying only original and genuine brand quality products, premium service.","robots":{"index":"index","follow":"follow","max-snippet":"max-snippet:-1","max-image-preview":"max-image-preview:large","max-video-preview":"max-video-preview:-1"},"canonical":"https:\/\/www.delanceyoilfieldsupplies.com\/por\/enquiries\/","og_locale":"en_US","og_type":"article","og_title":"Enquiries - Delancey Oilfield Supplies. Supplying only original and genuine brand quality products, premium service.","og_url":"https:\/\/www.delanceyoilfieldsupplies.com\/por\/enquiries\/","og_site_name":"Delancey Oilfield Supplies. Supplying only original and genuine brand quality products, premium service.","article_modified_time":"2024-03-14T14:04:53+00:00","twitter_misc":{"Est. reading time":"1 minute"},"schema":{"@context":"https:\/\/schema.org","@graph":[{"@type":"WebPage","@id":"https:\/\/www.delanceyoilfieldsupplies.com\/por\/enquiries\/","url":"https:\/\/www.delanceyoilfieldsupplies.com\/por\/enquiries\/","name":"Enquiries - Delancey Oilfield Supplies. Supplying only original and genuine brand quality products, premium service.","isPartOf":{"@id":"https:\/\/www.delanceyoilfieldsupplies.com\/por\/#website"},"datePublished":"2017-11-21T09:29:43+00:00","dateModified":"2024-03-14T14:04:53+00:00","breadcrumb":{"@id":"https:\/\/www.delanceyoilfieldsupplies.com\/por\/enquiries\/#breadcrumb"},"inLanguage":"en-US","potentialAction":[{"@type":"ReadAction","target":["https:\/\/www.delanceyoilfieldsupplies.com\/por\/enquiries\/"]}]},{"@type":"BreadcrumbList","@id":"https:\/\/www.delanceyoilfieldsupplies.com\/por\/enquiries\/#breadcrumb","itemListElement":[{"@type":"ListItem","position":1,"name":"Home","item":"https:\/\/www.delanceyoilfieldsupplies.com\/por\/"},{"@type":"ListItem","position":2,"name":"Enquiries"}]},{"@type":"WebSite","@id":"https:\/\/www.delanceyoilfieldsupplies.com\/por\/#website","url":"https:\/\/www.delanceyoilfieldsupplies.com\/por\/","name":"Delancey Oilfield Supplies. Supplying only original and genuine brand quality products, premium service.","description":"Global provider of drilling tools, electrical equipment, valves, pumps and workwear\/PPE supplies to Oil, Gas, Petrochemical and Mining industries","potentialAction":[{"@type":"SearchAction","target":{"@type":"EntryPoint","urlTemplate":"https:\/\/www.delanceyoilfieldsupplies.com\/por\/?s={search_term_string}"},"query-input":"required name=search_term_string"}],"inLanguage":"en-US"}]}},"_links":{"self":[{"href":"https:\/\/www.delanceyoilfieldsupplies.com\/por\/wp-json\/wp\/v2\/pages\/2367"}],"collection":[{"href":"https:\/\/www.delanceyoilfieldsupplies.com\/por\/wp-json\/wp\/v2\/pages"}],"about":[{"href":"https:\/\/www.delanceyoilfieldsupplies.com\/por\/wp-json\/wp\/v2\/types\/page"}],"author":[{"embeddable":true,"href":"https:\/\/www.delanceyoilfieldsupplies.com\/por\/wp-json\/wp\/v2\/users\/3"}],"replies":[{"embeddable":true,"href":"https:\/\/www.delanceyoilfieldsupplies.com\/por\/wp-json\/wp\/v2\/comments?post=2367"}],"version-history":[{"count":1,"href":"https:\/\/www.delanceyoilfieldsupplies.com\/por\/wp-json\/wp\/v2\/pages\/2367\/revisions"}],"predecessor-version":[{"id":2459,"href":"https:\/\/www.delanceyoilfieldsupplies.com\/por\/wp-json\/wp\/v2\/pages\/2367\/revisions\/2459"}],"wp:attachment":[{"href":"https:\/\/www.delanceyoilfieldsupplies.com\/por\/wp-json\/wp\/v2\/media?parent=2367"}],"curies":[{"name":"wp","href":"https:\/\/api.w.org\/{rel}","templated":true}]}}